a prime number?
False
Is 13381 a prime number?
True
Is 49341 prime?
False
Is 37729 prime?
False
Is 56701 prime?
True
Is 69271 a composite number?
True
Is 61331 composite?
False
Is 162589 prime?
False
Is 20777 composite?
True
Is 1166333 prime?
False
Is 9199 prime?
True
Is 447569 prime?
True
Is 444503 prime?
False
Is 43049 a prime number?
True
Is 12611 a prime number?
True
Is 1085887 a prime number?
False
Is 13649 prime?
True
Is 6739 a prime number?
False
Is 30299 composite?
True
Is 2796031 composite?
True
Is 6658 a composite number?
True
Is 1689067 prime?
True
Is 763383 a prime number?
False
Is 93623 a composite number?
True
Is 396157 prime?
True
Is 1649 a composite number?
True
Is 145767 a composite number?
True
Is 32221 a prime number?
False
Is 74353 a prime number?
True
Is 15439 prime?
True
Is 548159 a prime number?
False
Is 7169 composite?
True
Is 36689 a composite number?
True
Is 7111 composite?
True
Is 21121 prime?
True
Is 2468657 a composite number?
False
Is 5839 prime?
True
Is 187937 prime?
False
Is 107599 composite?
False
Is 30179 composite?
True
Is 16327 composite?
True
Is 7901 prime?
True
Is 4219 a prime number?
True
Is 2149 prime?
False
Is 18933 a composite number?
True
Is 44351 composite?
False
Is 2503817 prime?
True
Is 9871 a composite number?
False
Is 381841 a composite number?
False
Is 233323 a prime number?
True
Is 12827 a prime number?
False
Is 470993 a composite number?
False
Is 218779 prime?
False
Is 83329 prime?
False
Is 23642 a composite number?
True
Is 275771 prime?
False
Is 553093 a prime number?
True
Is 1511 prime?
True
Is 75931 prime?
True
Is 6761 a prime number?
True
Is 15439 a composite number?
False
Is 408059 prime?
False
Is 17047 a prime number?
True
Is 48089 a composite number?
True
Is 457979 prime?
True
Is 8153 prime?
False
Is 12781 a prime number?
True
Is 352679 a composite number?
True
Is 9511 composite?
False
Is 1321813 prime?
True
Is 30631 prime?
True
Is 1657 composite?
False
Is 38539 a prime number?
False
Is 47283 prime?
False
Is 92887 prime?
False
Is 17855 a prime number?
False
Is 552911 prime?
False
Is 397 a prime number?
True
Is 75593 a prime number?
False
Is 300691 composite?
False
Is 1280191 a composite number?
True
Is 2923 composite?
True
Is 12149 composite?
False
Is 761899 composite?
True
Is 1163 composite?
False
Is 6237083 prime?
True
Is 2609809 prime?
True
Is 48487 a composite number?
False
Is 18509 composite?
True
Is 13649 composite?
False
Is 396841 a composite number?
True
Is 22051 composite?
False
Is 68141 composite?
False
Is 63634 a composite number?
True
Is 2253 a prime number?
False
Is 4387 a prime number?
False
Is 102229 a composite number?
False
Is 7207 a composite number?
False
Is 12283 prime?
False
Is 26483 a prime number?
False
Is 85319 composite?
True
Is 618799 a composite number?
False
Is 166561 prime?
True
Is 345403 composite?
True
Is 2333 a composite number?
False
Is 15917 prime?
False
Is 6353 composite?
False
Is 7573 composite?
False
Is 134581 prime?
True
Is 125707 prime?
True
Is 1065301 a composite number?
True
Is 929717 prime?
True
Is 6469 prime?
True
Is 341945 a prime number?
False
Is 710557 prime?
True
Is 1193 composite?
False
Is 3383 prime?
False
Is 13963 a composite number?
False
Is 57367 prime?
True
Is 7283 a composite number?
False
Is 46807 composite?
False
Is 8735 a composite number?
True
Is 607471 composite?
False
Is 331 a prime number?
True
Is 6247 composite?
False
Is 369485 composite?
True
Is 27479 a prime number?
True
Is 984353 a prime number?
True
Is 47237 composite?
False
Is 981887 a composite number?
False
Is 1561 prime?
False
Is 17938 a prime number?
False
Is 57301 a composite number?
False
Is 973727 a composite number?
False
Is 4703 composite?
False
Is 735649 a composite number?
False
Is 1464683 a composite number?
True
Is 7603 prime?
True
Is 401 a prime number?
True
Is 52771 a prime number?
False
Is 2237 a composite number?
False
Is 6047 a composite number?
False
Is 10133 prime?
True
Is 179519 prime?
True
Is 965677 prime?
True
Is 191497 composite?
False
Is 53479 composite?
False
Is 2029 composite?
False
Is 1512535 composite?
True
Is 6047063 prime?
False
Is 70535 prime?
False
Is 129985 composite?
True
Is 1919 a prime number?
False
Is 40813 prime?
True
Is 47549 composite?
True
Is 15349 composite?
False
Is 34841 prime?
True
Is 22519 a prime number?
False
Is 21787 composite?
False
Is 189757 prime?
True
Is 2441497 a prime number?
False
Is 767111 a composite number?
False
Is 135613 composite?
False
Is 93827 a composite number?
False
Is 4441 a prime number?
True
Is 975515 prime?
False
Is 58983 a prime number?
False
Is 339 a prime number?
False
Is 2393 a prime number?
True
Is 3073879 prime?
True
Is 6218 a prime number?
False
Is 26654 a prime number?
False
Is 47359 a prime number?
False
Is 65479 a prime number?
True
Is 12622 a composite number?
True
Is 422029 prime?
True
Is 49849 a prime number?
False
Is 4385 prime?
False
Is 2631 composite?
True
Is 53873 a composite number?
True
Is 21541 composite?
True
Is 64817 prime?
True
Is 26083 a prime number?
True
Is 2819 a prime number?
True
Is 283909 a composite number?
False
Is 3907 prime?
True
Is 427 prime?
False
Is 148949 prime?
True
Is 385663 a composite number?
False
Is 645483 a composite number?
True
Is 159961 a composite number?
True
Is 176623 a prime number?
False
Is 12037 composite?
False
Is 17863 composite?
False
Is 117263 a prime number?
False
Is 60539 composite?
False
Is 9953 composite?
True
Is 2312993 a composite number?
True
Is 1999711 a composite number?
True
Is 34043 prime?
False
Is 217969 a prime number?
True
Is 29242 a prime number?
False
Is 14159 composite?
False
Is 112867 a prime number?
False
Is 22205 composite?
True
Is 225314 prime?
False
Is 4721 prime?
True
Is 18163 composite?
True
Is 1317383 a composite number?
True
Is 877 prime?
True
Is 4987 a composite number?
False
Is 95377 prime?
False
Is 71251 a composite number?
True
Is 149 a composite number?
False
Is 18607 prime?
False
Is 11329 composite?
False
Is 8311 prime?
True
Is 34789 a prime number?
False
Is 41773 composite?
True
Is 238859 prime?
True
Is 225031 a prime number?
False
Is 23263 a composite number?
True
Is 1901 a prime number?
True
Is 1115729 a composite number?
True
Is 5039 a composite number?
False
Is 56807 composite?
False
Is 112327 prime?
True
Is 61441 a prime number?
True
Is 21883 a prime number?
False
Is 158803 composite?
False
Is 34899 prime?
False
Is 2011897 prime?
True
Is 16963 composite?
False
Is 272771 a composite number?
False
Is 13891 a prime number?
False
Is 1477 a prime number?
False
Is 322297 composite?
True
Is 2159 prime?
False
Is 17401 a prime number?
True
Is 36353 prime?
True
Is 24755 composite?
True
Is 121567 a composite number?
True
Is 4229197 prime?
False
Is 4659 a composite number?
True
Is 925823 composite?
False
Is 2153 prime?
True
Is 171061 a composite number?
True
Is 27479 a prime number?
True
Is 22693 composite?
True
Is 9377 prime?
True
Is 15445 a prime number?
False
Is 415849 a composite number?
True
Is 18023 a composite number?
True
Is 1893 composite?
True
Is 1601069 composite?
True
Is 1425981 a composite number?
True
Is 70571 composite?
False
Is 67013 prime?
False
Is 700943 a composite number?
True
Is 73181 prime?
True
Is 114883 a composite number?
False
Is 1793 prime?
False
Is 184753 composite?
False
Is 535723 a composite number?
True
Is 18947 a composite number?
False
Is 17609 a composite number?
False
Is 43599 a prime number?
False
Is 3097 a composite number?
True
Is 6581 composite?
False
Is 538949 prime?
False
Is 85 prime?
False
Is 10655 a composite number?
True
Is 788335 a prime number?
False
Is 110471 composite?
True
Is 402457 prime?
False
Is 17233 a composite number?
True
Is 85 a prime number?
False
Is 4406 composite?
True
Is 2761 composite?
True
Is 427631 composite?
True
Is 66293 a composite number?
False
Is 8887 composite?
False
Is 9091 a prime number?
True
Is 3599 a prime number?
False
Is 122191 a prime number?
False
Is 211007 a composite number?
False
Is 734 a prime number?
False
Is 9611 prime?
False
Is 3623 composite?
False
Is 17861 a prime number?
False
Is 52517 a composite number?
False
Is 149603 prime?
True
Is 2696153 a composite number?
True
Is 120977 composite?
False
Is 348149 a prime number?
True
